 40?
37
Suppose 12*k - 106 - 98 = 0. Suppose 21*n = k*n + 1024. Let t = n + -178. What is the remainder when t is divided by 27?
24
Let t(i) = -2*i**2 + 61*i - 172. Let m(g) = g**2 - 31*g + 86. Let z(s) = 5*m(s) + 3*t(s). Calculate the remainder when 38 is divided by z(23).
9
Suppose 3*r = -3*h + 8*r + 56, 0 = -3*r + 6. Calculate the remainder when 3606 is divided by h.
20
Suppose -3*h + 4230 = 5*i, -1199*i + 1202*i = -h + 2538. What is the remainder when i is divided by 16?
14
Suppose -6 + 2 = 2*i. Let c(v) = -161*v + 1. Calculate the remainder when c(i) is divided by 65.
63
Suppose 731*i + 968 = 3*u + 726*i, 5*u + i = 1548. What is the remainder when u is divided by 297?
14
Suppose 47*y - 15*y - 393 = 2455. Calculate the remainder when 4092 is divided by y.
87
Let i = -7862 + 7887. What is the remainder when 902 is divided by i?
2
Let c(h) = -h**3 + 51*h**2 - 97*h + 40. What is the remainder when c(38) is divided by 123?
120
Suppose 13395 = 30*k - 7136 + 5831. Calculate the remainder when k is divided by 17.
14
Let y(n) = -4*n**2 + 1905 - 3803 + 5*n + 1904 + n**3. Calculate the remainder when y(4) is divided by 12.
2
Let u(m) = -4*m**3 + 149*m**2 - 13*m + 239. What is the remainder when u(37) is divided by 15?
2
Let q = -3644 - -3690. What is the remainder when q is divided by 37?
9
Suppose -5*u = n + 115, 24*u + 2*n - 82 = 27*u. Let a be 13/((-4)/(-3) + -1). Let p = a + u. Calculate the remainder when p is divided by 10.
5
Let a(l) = l**3 + 19*l**2 - 24*l - 54. Let o = 14 - -62. What is the remainder when o is divided by a(-20)?
24
Suppose 39*h = 2*p + 37*h - 44, 56 = 3*p - h. Suppose z + 312 = 3*r, -306 = -3*r + p*z - 18*z. Calculate the remainder when r is divided by 26.
25
Let c = -3440 + 3453. Calculate the remainder when 166 is divided by c.
10
Let v = 9456 - 9351. Calculate the remainder when 7244 is divided by v.
104
Suppose 0 = 2*l + 2*h - 20, 29 = 3*l + 2*h - 5. Let x be ((-9)/27*15)/(10/(-4)). What is the remainder when x + 101/6 + (-23)/(-138) is divided by l?
5
Suppose 0 = -155*t + 539532 + 118443. Calculate the remainder when t is divided by 385.
10
Let g = -243 - -176. Let j = 113 + g. What is the remainder when 180 is divided by j?
42
Suppose -2*h = -105*h + 31211 + 11740. Calculate the remainder when h is divided by 39.
27
Suppose -225*y + 217*y = -224. Let p(q) = -q**3 - 4*q**2 + 9*q + 9. What is the remainder when p(-6) is divided by (35/(-10))/((-14)/y)?
6
Suppose 0 = 3*b - 149 - 169. Let u = 476 - 247. Suppose 5*m + 82 = 3*w + u, 4*m - 5*w - 128 = 0. Calculate the remainder when b is divided by m.
25
Let w = 16902 + -16888. Suppose -5*q + 0*h + 2*h + 47 = 0, 19 = q + 2*h. Calculate the remainder when w is divided by q.
3
Let s(y) = -2*y - 11. Let h be s(-5). Let a be h/2*(-15 - (4 + 3)). Suppose a*w = 9*w + 26. What is the remainder when w is divided by 6?
1
What is the remainder when ((-44)/(-3))/((-132)/(-5544)) is divided by 225?
166
Let b be (-1 + 2)/(1/97). Let x(w) = 337*w - 2442. Let n be x(7). Let k = b + n. Calculate the remainder when k is divided by 4.
2
Let u = 30 + -23. Let w(h) = -2*h + 39. Calculate the remainder when 123 is divided by w(u).
23
Suppose 87 - 166 - 188 = -3*o. Calculate the remainder when 197 is divided by o.
19
Suppose 43*r = 40*r - 9. What is the remainder when 25 is divided by 22*1 - (-4 - (r + 1))?
1
Let t(b) be the second derivative of b**4/12 + b**3 - b**2 + b - 17. Calculate the remainder when t(8) is divided by 57.
53
Suppose -4*c + 8 = -3*c. Suppose -c = -5*l + 2. Suppose l*p - 128 = -26. Calculate the remainder when p is divided by 11.
7
Let y(c) = 62 + 50*c - 33 + 42*c - 19. What is the remainder when y(2) is divided by 49?
47
Suppose -926 - 4834 = -35*q + 5*q. What is the remainder when q is divided by 108?
84
Suppose 4*m - 27 = -3*s - 1, -2*s = 4*m - 28. Suppose -m = 2*w - 4*i, 2*w + 0*i - 7 = -i. What is the remainder when 20 is divided by w?
0
Suppose 21*b - 3060 = 3*b. Suppose b*m = 176*m - 420. Calculate the remainder when m is divided by 8.
6
Let v(j) = -j**3 - 17*j**2 + 16*j - 174. What is the remainder when v(-19) is divided by 62?
58
Let s(q) = -11*q - 14. Let d be s(-3). Let f = d + -9. Let t = -9 - -44. What is the remainder when t is divided by f?
5
Let k(z) = 78*z + 1549. Calculate the remainder when k(-3) is divided by 3.
1
Let y(w) = -8*w**3 + 7*w**2 + 77*w + 281. Calculate the remainder when y(-4) is divided by 232.
133
Let v be (-3 - (-10)/(-6))/((-1)/3). Suppose -4*p + p = -54. What is the remainder when 142/v*(-7)/(-1) is divided by p?
17
Let x(q) = 10*q**2 - 47*q + 7. What is the remainder when 145 is divided by x(5)?
13
Suppose 24*s - 5789 + 5693 = 0. Suppose -3*i + 0*i + 105 = 0. Calculate the remainder when i is divided by s.
3
Suppose 5*f = -21 - 19. Let x be (5*f/(-10))/2. Suppose -4*i + 58 = 5*m, 4*i + 0*i - x = -m. What is the remainder when 49 is divided by m?
7
Suppose 3872 = 4*a - 5*f, -2*f - 2904 = -35*a + 32*a. What is the remainder when a is divided by 12?
8
Let p = 41 - 10. Let y = p - 13. Suppose -6*v - 756 - 281 = -23*v. Calculate the remainder when v is divided by y.
7
Let v be ((-50)/15)/5*30/4. What is the remainder when ((-385)/25 - v)/(4/(-30)) is divided by 25?
3
Let q(h) = -5*h + 134. Let w be q(26). Suppose 0 = 5*c - w*z - 47, -3*c - 4*z + 32 = -9. What is the remainder when 21 is divided by c?
10
Suppose -5*h + s = -0*s - 372, -5*h + 4*s + 378 = 0. What is the remainder when h is divided by (29 + 1)/((-15)/20*-2)?
14
Let v(s) = s**3 + 10*s**2 - 8*s - 6. Let q be 8*(-1 + 0) + -2. Let d = -2286 + 2305. What is the remainder when v(q) is divided by d?
17
Let x(f) = -f**2 - 2*f + 16. Let k be x(-5). Let d(m) = 82*m + 4. Suppose 7*z = 9*z - 36. Calculate the remainder when d(k) is divided by z.
14
Let i(q) = -q**3 + 11*q**2 - 31*q + 48. Calculate the remainder when 11780 is divided by i(5).
41
Suppose 0 = -16*m - 934 + 2614. What is the remainder when 416 is divided by m?
101
Calculate the remainder when 114 is divided by (245/3 - (-2)/(-3)) + 4.
29
Let z = -9229 - -9271. Calculate the remainder when 3944 is divided by z.
38
Suppose 4*v + 46 + 4 = 3*s, 0 = -2*v - 2*s - 32. Let f = v - -18. Calculate the remainder when ((-189)/(-36))/((-63)/(-12) - 5) is divided by f.
1
Let d(o) = 14*o - 55. Let j be (-8 - (5 + -15)) + 2*12. Calculate the remainder when d(j) is divided by 31.
30
Suppose -q = -4*q + 72. Suppose -9 + 26 = h. Suppose o - 1 = l + h, -2*l = o - 3. Calculate the remainder when q is divided by o.
11
Let r(b) = b**3 - 5*b**2 + 2*b + 8. Let q be r(4). Suppose -10*a - 184 + 2204 = q. What is the remainder when a is divided by 41?
38
Let t = -3492 + 3696. What is the remainder when 7340 is divided by t?
200
Suppose v + 8*a - 11*a - 1008 = 0, 2*a + 1008 = v. Calculate the remainder when v is divided by 44.
40
Let w = 10385 - 10336. What is the remainder when 2498 is divided by w?
48
Let r = -229 - -407. Suppose -r = a - 271. Calculate the remainder when a is divided by 16.
13
Calculate the remainder when 2964 is divided by (1*8/(-4) + (-4 - -7))*53.
49
Let m(k) = -5*k - k**2 + 2 + 8 - 3. What is the remainder when 11/((-22)/12) + (-1 - 0) + 60 is divided by m(-5)?
4
Let t(v) = -v**2 + 6*v - 6. Let k be t(4). Suppose 5*w + 2*y = 58, -k*w - 3*w - y + 54 = 0. Calculate the remainder when 45 is divided by w.
5
Let t(k) = 14*k - 14. Let i be t(4). Suppose 0 = 40*p - i*p + 328. Suppose q + 55 = p. Calculate the remainder when q is divided by 14.
11
Calculate the remainder when (-13 - -10)*8789/(-33) is divided by 12.
7
Let t(w) be the third derivative of 4*w**5/5 - 5*w**4/8 - 8*w**3/3 - 5*w**2 - 22. Calculate the remainder when 326 is divided by t(-1).
44
What is the remainder when 472 is divided by 2*1*88385/1100 + (-24)/(-80)?
150
Let t = 34 - -13. Let m(d) = -d**3 + d**2 + 6*d - 7. Let i be m(-4). Suppose -i = 3*u - 10*u. Calculate the remainder when t is divided by u.
5
Suppose 6*h - 10 = 38. Suppose 58 = 4*f + 2*c, -f + 22 = h*c - 6*c. Calculate the remainder when 40 is divided by f.
4
Suppose 3*d + 5373 = 3*y + 2016, 0 = 9*d + 45. Calculate the remainder when y is divided by 26.
22
Let f be 3*((-212)/(-3) + 0). Suppose 2*g + 652 = 4*i + f, g + 330 = 3*i. Suppose -2664*u = -2676*u + 444. Calculate the remainder when i is divided by 